i(a) = -13*a**3 + 2*a**2 + 2*a + 1. Let l be (0 - 7)/(-2 + 3). Let r(h) = -h**2 + 22*h - 111. Let z be r(9). Let b = l + z. What is i(b)?
14
Let r be 7/2 - 4/8. Let j(y) = -2*y**2 - y**3 - 1 - r*y + 1. Suppose -3*v - 2*v - 7 = x, 5*v + 1 = 2*x. Calculate j(x).
6
Let n(c) = c**3 + 6*c**2 + 4*c + 1. Let v(f) = -f + 13. Let b be v(5). Suppose 0 = -5*h + 28 + 22. Suppose -5*l = -2*m + 5, 5*l = b*m - 3*m + h. Give n(m).
6
Let o(b) be the second derivative of b**4/12 - b**3 + 67*b - 6. Let u be ((-2)/4)/(2/4). Let q be (u - -8)/(-1 - -2). Give o(q).
7
Let g be 8*(9/42 - (-2)/7). Let z(o) be the third derivative of 1/3*o**3 + 5/24*o**g - 9*o**2 + 0 - 1/60*o**5 + 0*o. Calculate z(6).
-4
Let b(w) = 7*w - 3. Let d be b(2). Let i = 16 - d. Let y(m) = 4*m**2 + 10*m + i - 3*m**2 - 4*m. Give y(-6).
5
Let y(g) = -3*g - 9. Let i be y(-3). Suppose i = -4*m - 5*a - 4, -5*a = 5*m - 0*m + 5. Let q(r) = -10*r - 1. Determine q(m).
9
Let l(f) = f**2 - 8*f + 5. Let p(k) = k**3 + 7*k**2 + 6*k + 5. Suppose 0*g - 10 = j - 2*g, g = -3*j - 16. Let i be p(j). Calculate l(i).
-10
Let l(v) = 4*v - 66. Let p(d) = d - 20. Let j(b) = -2*l(b) + 7*p(b). Give j(0).
-8
Let z(m) = m**2 + 6*m + 5. Let w(b) = b + 2. Suppose 4*n = 2*n - 16. Let g be w(n). Give z(g).
5
Suppose -2*a - 24 = 5*r, -6 = r - 2. Let j(z) = z**2 + z - 1. Let d(p) = -3*p**2 + 5*p - 4. Let f(m) = a*j(m) - d(m). Determine f(5).
-4
Let r be (6/(-14))/((-2)/42). Let f be 12/(0 - 3) + 27/r. Let k(m) = -7*m. Calculate k(f).
7
Let y = 43 - 49. Let r be 3 + (-39)/9 - 2/y. Let s(v) = -4*v**3 + 2*v + 1. Determine s(r).
3
Let h(t) = -t**3 + 1 - 103*t**2 + 96*t**2 + 1 + 9*t. Let y be -8 + (0 - 0)*-1. Determine h(y).
-6
Let q = 17 - 16. Let a(m) be the second derivative of -m**8/2240 + m**7/2520 - m**4/6 + 2*m. Let r(o) be the third derivative of a(o). What is r(q)?
-2
Let m be ((-6)/4*-1)/((-69)/(-874)). Let q = -20 + m. Let x(b) be the third derivative of -7*b**5/60 - b**3/6 + b**2. What is x(q)?
-8
Let j be 25/5 + -3 - (0 - -1). Let x = j - 8. Let g(t) = -2*t - 5. What is g(x)?
9
Let v(a) = -6*a**2 - a + 1. Suppose -w + 4 = -3*l, l - 3*w + 8*w + 12 = 0. Calculate v(l).
-21
Suppose -b - 4*f + 2 = 0, -5*b + 10*b + f = -28. Let x(q) = -6*q - 4*q**2 - q**3 + 3 - 1 - 3*q**2. Give x(b).
2
Let c = 17 + -15. Let t(x) = 0*x**2 + 0*x**c + 5 - x**2 - 7. Give t(2).
-6
Let h(o) = o**2 + 3*o - 6. Let l(d) = -d**2 - 20*d - 31. Let y be l(-18). Let r(i) = i - 10. Let c be r(y). Give h(c).
4
Let p(z) = 4*z. Let b be (-222)/((4/(-5))/((-6)/(-15))). Let r = -110 + b. What is p(r)?
4
Let r(n) = 2*n + 3. Let j be r(4). Let p = -8 + j. Let f(h) = 4 - 5*h**2 + 2*h**2 + p*h + 5*h**2 - h**3. Determine f(3).
4
Let v = -60 - -60. Suppose 4*x = x + w + 31, 2*x + 4*w - 16 = v. Let o(y) = -y + 9. Calculate o(x).
-1
Let u(h) = 3*h + 1. Let s be u(-1). Let f(p) = 11*p + 17. Let x(k) = -31*k - 47. Let y(b) = -11*f(b) - 4*x(b). Give y(s).
-5
Let z(s) be the first derivative of s**5/20 - 2*s**4/3 - 5*s**3/3 + 5*s**2 + 52*s + 40. Let x(o) be the first derivative of z(o). Determine x(9).
1
Let h(f) = 2*f - 2. Let p = 153 - 94. Suppose 0 = -64*x + p*x + 20. Calculate h(x).
6
Let d be (12/10)/((-12)/(-40)). Let l be (-15)/(-3)*d/20. Let n(j) = 6*j**2 + 1. Give n(l).
7
Let r(i) = 2*i**2 + 2*i - 2. Let o be r(-2). Let n(k) = 8 + 0*k - k**o + 3*k - 3*k + k. Let a(g) = -g**3 + 23*g**2 - 24*g + 44. Let p be a(22). Give n(p).
8
Let g(s) = -s**3 - 2*s**2 + 1. Let x be 2/(-2)*(2 + 0). Let y be g(x). Let o(j) be the first derivative of j**2 + j + 114. Determine o(y).
3
Let a be (8/(-6))/(-5 + (-123)/(-27)). Let v be a/4 - 5/(80/44). Let r(m) = 2*m**2 + 3*m. Give r(v).
2
Let i(g) = 3*g**2 - 4*g + 2. Let r be i(2). Let p = r + 4. Let o(w) = -p*w + 1 - 1 + 13*w. Give o(3).
9
Let k(o) = o**3 + o**2 - o + 1. Let z = -13 + -1. Let s = z - -12. Determine k(s).
-1
Let p be (-84)/(-56)*2/72. Let g(x) be the third derivative of 1/12*x**5 + p*x**4 + 0 - 1/120*x**6 + x**3 + 0*x - 5*x**2. What is g(5)?
11
Let d(y) = -7*y**3 - y**2 + 5*y + 2. Let m(n) = 6*n**3 + n**2 - 4*n - 2. Let g(v) = 5*v + 5. Let p be g(0). Let x(h) = p*d(h) + 6*m(h). Determine x(0).
-2
Let h(v) = -v**2 + 5*v + 9. Suppose -3*l - r + 142 = 52, 30 = l + r. Suppose 4*d + 2*o - o = 23, -o + l = 5*d. What is h(d)?
-5
Suppose r = -3*d + 2*r + 1, 3*r - 13 = d. Let n(u) = d - 4*u + 28*u**3 + 21*u**3 + 2*u**2 - 51*u**3. Calculate n(2).
-14
Let z(h) be the first derivative of h**3/3 + h**2 - 4*h + 3. Suppose -9 = a - s, -9*a + 7*a - s - 6 = 0. Determine z(a).
11
Let w = 21 + -34. Let p = w + 13. Suppose p = -2*q + 4*q + 8. Let v(y) = -y - 6. Calculate v(q).
-2
Let a(x) be the first derivative of x**2 + 6*x + 54. Let v(g) = 4*g + 10. Let l be v(-4). Determine a(l).
-6
Let o(x) = 4*x**2 + 5*x + 4. Suppose -3*h = 4*a - 32, h - 3*h - 12 = -4*a. Let u(p) = 4*p**2 + 6*p + 5. Let v(q) = a*u(q) - 6*o(q). Give v(-1).
-3
Let y(c) = c**3 - 6*c**2 + 6*c - 97. Let t be y(7). Let b(f) = -f**2 - 9*f - 22. Give b(t).
-4
Suppose -10 = -5*i + 3*j, -15 = -8*i + 4*i + j. Let p(q) be the first derivative of -q**2/2 + 52. Give p(i).
-5
Suppose -6*i = -2*i, 6 = -3*x - 4*i. Let r(q) = 4*q**2 + 7*q. Calculate r(x).
2
Suppose -3*k = 5 + 7. Let t be (-9)/(-4) - (-6)/(-24). Let b(l) = 3*l - l - l**2 - t - 2*l - 4*l. What is b(k)?
-2
Let l be -2*(0 + 30/(-12)). Let j(z) be the second derivative of -z**5/20 + z**4/3 + 7*z**3/6 - z**2 - z. What is j(l)?
8
Let d(n) = n**3 - 4*n**2 - 5*n - 1. Suppose -3*k + 0*k = -63. Suppose -19 = 4*y + k. Let r = y - -15. Determine d(r).
-1
Suppose -h - 143 = 3*s - 2*h, 4*s - 2*h = -190. Let c = s + 47. Let j(i) = 3*i. Calculate j(c).
-3
Suppose 5*w = 4*w - 1. Let x be w - (2 + -3) - 3. Let m be x/(-3*2/(-4)). Let l(a) = -2*a**2 - 3*a - 2. Give l(m).
-4
Let n be 3/(1/(-2 - -1)). Let l be (1 - -1)/1*n. Let f(g) = -g - 2. Determine f(l).
4
Let p(c) = -c**3 - c**2 + c. Let h(f) = -2*f**3 + f**2 + 4*f - 1. Let k(s) = h(s) - p(s). What is k(3)?
-1
Let x(y) = 2*y - 3. Suppose -26 = -3*k - 8. Suppose 3*n - 3*j = -6, -k = n - 2*j - j. Suppose -5*v - 7 = 2*a, -2*v = -5*a - n*v + 26. What is x(a)?
5
Let v(j) be the first derivative of j**3/3 + 5*j**2/2 - 6*j - 98. Calculate v(-7).
8
Let h(k) = k**3 + 4*k**2 + 2*k + 4. Let d = 435 + -835. Let z be 1/6 - d/(-96). Give h(z).
-4
Let t be (-148)/518 - (-26)/(-7). Let m(y) = -2*y**3 - 5*y**2 - 3*y + 2. Determine m(t).
62
Let k(h) be the third derivative of h**6/120 - h**5/15 - h**3/6 - 2*h**2. Let j be (15 + 3)*2/4. Let b be 3/(j/3) - -3. Determine k(b).
-1
Let z(g) = 3*g**3 - 2*g - g - g**2 + 5*g - 1. Let d = 419 - 417. Give z(d).
23
Let x(v) be the third derivative of 7*v**4/24 + v**3/6 + 2*v**2 + 12. Let u(m) = -9*m. Let h(n) = 4*u(n) + 5*x(n). Give h(8).
-3
Suppose -5*c = -0*c - 10. Let v(g) = 3*g + 5*g**2 - c + 4*g**2 - 3*g**2 - g**3 - 3*g**2. What is v(3)?
7
Let d(h) = h**3 - 5*h**2 - h + 1. Suppose 2*t - 5*t = 0. Suppose t*m = 4*m. Let x = 5 - m. Determine d(x).
-4
Suppose 0 = 11*y - 3*y - 64. Let b(i) = -6*i**2 + y + 7*i + 7*i**2 - 2. Calculate b(-5).
-4
Let t(g) = -g**2 - 4*g. Let v = 52 - 39. Let i = -16 + v. Calculate t(i).
3
Let o(t) = -2*t**2 - t + 1. Let a(r) = 5*r**2 + 6*r. Let f(d) = a(d) + 3*o(d). What is f(-2)?
-7
Let b(a) be the third derivative of 3*a**2 + 0*a - 1/8*a**4 + 0 + 1/24*a**5 + 1/360*a**6 + 1/3*a**3. Let l(x) be the first derivative of b(x). Give l(-6).
3
Let n(i) = 2*i - 5. Suppose -134*q = -131*q + 216. Let k = 77 + q. Calculate n(k).
5
Let h(u) = 2*u**2 - u - 3. Let g(f) = -4*f + 173 - 172 + f + 4*f. Let z(q) = 4*g(q) + h(q). Determine z(-2).
3
Let k(t) = t**3 - 6*t**2 + 7*t - 2. Suppose 2*p = -1 + 9. Let i(z) = 2*z**2 - 5*z - 2. Let v be i(p). Let j = 15 - v. Give k(j).
8
Let a(t) be the first derivative of -t**3/6 + t**2/2 - 4*t + 5. Let i(c) be the first derivative of a(c). Let k be ((-2)/3)/(2/(-3)). Give i(k).
0
Let i(x) = 2*x + 15. Let b(q) = 2*q**3 - 19*q**2 - 10*q - 11. Let s be b(10). Determine i(s).
-7
Let m(o) = o**2 - 6*o - 1. Suppose 0 = -33*c - 36 + 3. Let g(q) = q**2 + 1. Let d = -4 + 6. Let l(s) = c*m(s) + d*g(s). What is l(-2)?
-5
Let n = -243 - -249. Let r(i) = i**3 - 5*i**2 - 6*i + 8. What is r(n)?
8
Let w = 2 - 3. Let n = -15 - -40. Let b(o) = n*o - 48*o - 2*o**2 + 24*o. What is b(w)?
-3
Let o(p) be the third derivative of p*